 greatest common factor of i and l?
18
Suppose 31*y - 11*y - 100 = 0. Let o be y/20 + (-335)/(-4) + 4. Let z = -7 + 11. What is the highest common divisor of o and z?
4
Let n be 5 - -1 - (-7)/7. Suppose 8*r - 98 = n*r. Suppose 46 = 3*d + 2*l, 3*d - 5*l = -24 + 56. What is the greatest common factor of r and d?
14
Let x = 1363 - 1327. Calculate the highest common factor of x and 588.
12
Let f = 22812 + -22794. Calculate the greatest common factor of 14130 and f.
18
Let v(u) = -13*u**2 - 9*u - 13*u**2 + 58 + 25*u**2. Let n be v(-12). Let g be (-390)/(-9) + (-6)/(-9). Calculate the greatest common factor of g and n.
22
Let o(y) = y**3 - 25*y**2 + 32*y - 45. Let g be o(23). Let w = 397 + g. Let b = -8 - -14. Calculate the greatest common divisor of w and b.
6
Suppose -8914 = -37*j + 14063. Let c = -469 + j. Calculate the highest common factor of c and 16.
8
Let y = -19 - -22. Suppose -8*q = -y*q. Let n(a) = -3*a + 27. Let c be n(q). Calculate the greatest common factor of 9 and c.
9
Let i = -7104 - -9564. What is the greatest common factor of i and 60?
60
Suppose -b - w + 16 = 0, 8*w = -2*b + 10*w + 16. Let y(z) = z**2 - 10*z - 5. Let p be y(b). Let g = 77 + 75. Calculate the highest common factor of p and g.
19
Let z(y) = -3*y**2 + 11*y - 32. Let l(u) = 3*u**2 - 12*u + 32. Let m(x) = -4*l(x) - 5*z(x). Let s be m(6). Calculate the highest common factor of s and 784.
98
Let s(q) = -438 - 428 + 835 - 4*q. Let y be s(-11). Calculate the greatest common factor of y and 416.
13
Suppose 20*m - 15*m = -v + 5357, 0 = -2*v + 5*m + 10624. What is the highest common factor of 28 and v?
7
Let u = -4031 - -4787. Calculate the highest common divisor of 210 and u.
42
Let a be 3 - (3 + 0) - 6/(-3). Suppose -6*u + 52 = 4*o - 2*u, a*o = -5*u + 20. Suppose o = 9*r - 4*r. Calculate the greatest common factor of 12 and r.
3
Let a(k) = -907*k - 3616. Let i be a(-4). Suppose 0 = 4*j - 8, j = -m - 0*m + 2. Suppose m = 2*b - 7*b + 60. Calculate the greatest common divisor of i and b.
12
Let q be (3/12*38)/(-1 - (-15)/10). What is the greatest common factor of 2033 and q?
19
Let h = 174 - -149. Let n(b) = 2*b**3 - b**2 - 46*b + 22. Let y be n(5). Calculate the greatest common divisor of y and h.
17
Suppose 167*o = 135*o + 169344. Calculate the highest common divisor of 24 and o.
12
Let y be 152 + -79 + 0 + 2/1. Calculate the highest common factor of 2825 and y.
25
Let z(u) = -4*u**2 + 4*u + 3. Let x(k) = 4*k**2 - 4*k - 3. Let n(f) = 5*x(f) + 4*z(f). Let b be n(4). What is the greatest common divisor of 15 and b?
15
Let j(r) = r**3 + r**2 - 348*r + 50. Let a be j(0). Calculate the greatest common factor of 825 and a.
25
Let z be (48/(-5))/(404/(-1010)). Calculate the highest common factor of z and 10104.
24
Let o(s) = 97*s**2 - 2*s - 1. Let r be o(-1). Let y = 200182 - 200126. What is the greatest common factor of r and y?
14
Suppose -51*f + 36456 = -23*f. What is the highest common factor of 672 and f?
42
Suppose -2*p + 388 = 2*h, 17*p - 978 = -5*h + 14*p. What is the highest common divisor of h and 176?
22
Let s = 3 + -6. Let j be 15 + -20 - s*9. Let o be j/6 - (-60)/45. What is the greatest common divisor of o and 35?
5
Suppose 467 - 473 = -i. Let r be ((-228)/(-304))/(i/1144). What is the greatest common factor of r and 44?
11
Suppose 5*q = -j + 241 + 1596, -9 = 3*j. Let g(w) = -w**3 - 6*w**2 + 4*w - 5. Let n be g(-7). Calculate the highest common factor of n and q.
16
Let v be (1 + 1*9)/2. Let x(u) = -u**3 + 16*u**2 + 61*u - 46. Let f be x(19). Calculate the highest common factor of f and v.
5
Suppose 206264 = 251*g + 221*g. What is the highest common factor of 529 and g?
23
Let t = -20 - -19. Let u be t/(3/(-9)) + 37. What is the highest common factor of u and 24?
8
Suppose 2*z = -4*j - 295 - 21, 4*j + 288 = 5*z. Let w be 2/4 - j/2. What is the highest common divisor of w and 65?
13
Let i be (16/14)/((-49)/(-2401)). Let t(m) = 23*m - 1. Let g be t(11). Calculate the highest common factor of i and g.
28
Let f be (-18)/(6*(-8)/72). Suppose -3*m + 0*m - 81 = 0. Let l = m + 45. Calculate the greatest common divisor of l and f.
9
Let m(d) = -d**3 + 7*d**2 + 13*d - 7. Let b be m(5). Suppose 5*q - b = -x - 3, -4*q = 5*x - 420. Calculate the highest common divisor of 16 and x.
16
Let p(q) = 2*q - 51. Let h be (-3)/(-9)*(-52)/(-8)*6. Let v be p(h). Let y = v + 70. What is the greatest common factor of 3 and y?
3
Let d be 4/7 + (-25)/7 + 302. Calculate the highest common divisor of 130 and d.
13
Let i(b) = -356*b**3 - 69*b**2 - 70*b - 3. Let h be i(-1). Calculate the greatest common divisor of 2950 and h.
118
Let c = -127 + 129. Let f be 2020/40 + c + 5/(-2). Calculate the greatest common factor of 350 and f.
50
Suppose 2*r + 1 = -5*c, r + 2*c - 6 = -3*r. Let a be r/(-2 - 0) + 4/1. Let i be (2 - -1)*(3 - (-40)/a). Calculate the highest common divisor of 49 and i.
49
Suppose 0 = -23*l + 28*l - 25. Let z = l + -3. Suppose -k - 9 = -z*b, -2*b + 3*k = -0*k + 1. What is the greatest common divisor of b and 7?
7
Let u(c) = -5*c - 4. Let r be u(-5). Let v = r + -24. Let q be 5/(-30)*14*v. Calculate the greatest common divisor of q and 7.
7
Suppose -2*c + 234*k - 232*k = -28766, 28765 = 2*c - k. What is the greatest common factor of c and 36?
18
Suppose -7*n - 15*n + 34 = -802. What is the highest common divisor of n and 627?
19
Let f be -7 + (13 + 8)/7. Let s be (-2 - 25/f)/((-18)/(-288)). Let j(a) = -19*a + 7. Let w be j(-5). Calculate the highest common factor of s and w.
34
Let j be (-3)/7 + 7638/1407. What is the highest common factor of 229 and j?
1
Let y be ((-296)/(-111))/((-10)/(-75)). Calculate the greatest common factor of y and 4220.
20
Suppose -3144 = -124*a + 28972. Calculate the highest common divisor of 74 and a.
37
Let v = -17 + 26. Suppose -d + 2*y = -73, 0*d = 3*d + y - 247. Calculate the greatest common divisor of d and v.
9
Let t(o) = 2*o**3 - 3*o**2 - o + 2. Let k be t(2). Suppose 3*l + 349 = k*p - 660, 0 = -p + 4*l + 262. What is the greatest common divisor of 20 and p?
10
Let n = -364 - -366. Let x(o) = 2*o**2 + 11*o - 14. Let u be x(n). Calculate the greatest common divisor of u and 104.
8
Suppose 5*l - t - 14077 = 0, 0 = 2*t - 188 + 182. Calculate the highest common factor of l and 22.
22
Suppose -3*c + 3439 + 1178 = 3*o, c + 1 = 0. Let z be 4/(-18) - o/(-126). Let n be (-2)/(0 - -2) - z/(-2). What is the greatest common divisor of n and 5?
5
Let s(m) = m**2 - 96*m + 1828. Let z be s(19). Suppose 0 = 2*q - 366 + 74. What is the greatest common divisor of q and z?
73
Suppose -455 = -o - 4*o. Suppose -f + 3*r + 1195 = 0, -2584 = 4*f + 3*r - 7304. What is the highest common divisor of f and o?
91
Suppose 0 = 3*k - 2*a + 510, 15 = -2*a - 3*a. Let y = k - -307. Calculate the highest common divisor of 15 and y.
15
Let m be 1 - 4/((-8)/238). Let j(g) be the second derivative of g**3 + 27*g**2 + 8*g - 5. Let s be j(-7). Calculate the greatest common factor of m and s.
12
Let b(i) = 2*i**2 - 31*i + 138. Let t(g) = 2*g**2 - 30*g + 135. Let f(p) = -6*b(p) + 7*t(p). Let q be f(6). Calculate the greatest common divisor of 12 and q.
3
Suppose -199*f + 939 = -3439. Let h(z) = 43*z - 6. Let w be h(5). What is the highest common factor of f and w?
11
Suppose 6*s + 6 - 18 = 0. Let z = -1709 - -1735. Calculate the greatest common factor of s and z.
2
Let s = 2725 + -2717. What is the highest common divisor of s and 6632?
8
Suppose -84*y = -y + 12*y - 760. Calculate the highest common factor of 392 and y.
8
Let t(c) = 918*c + 2216. Let u be t(-2). Calculate the highest common divisor of 2560 and u.
20
Let l(m) = -8*m + 8. Let g be l(0). Suppose -2*a - 48 = -g*a. Calculate the highest common divisor of a and 20.
4
Suppose 30 = 3*i + 3*p, 4*p = i - 4 + 14. Suppose -19 = -i*d - 1. Let h = 28 + 11. Calculate the greatest common factor of d and h.
3
Let b(p) = -p**3 - 11*p**2 + 3*p - 78. Let o be b(-9). Let x = o + 402. Calculate the highest common factor of x and 225.
45
Let h be 3 - 1 - 2*4. Let x(z) = z**3 + 7*z**2 - 7. Let j be x(h). Suppose -12*u + 15951 + 17361 = 30876. What is the greatest common factor of u and j?
29
Let l be 72/(7 + -5) - 4. Suppose -51 = -36*n + l*n + z, -5*n + z = -65. Calculate the greatest common divisor of n and 42.
14
Suppose -5*z + 638 + 392 = 5*t